{"id":2063,"date":"2025-02-25T17:58:05","date_gmt":"2025-02-25T22:58:05","guid":{"rendered":"https:\/\/cartourgenatravel.com\/?post_type=product&#038;p=2063"},"modified":"2026-02-25T20:16:57","modified_gmt":"2026-02-26T01:16:57","slug":"open-walking-tour-san-centro","status":"publish","type":"product","link":"https:\/\/cartourgenatravel.com\/index.php\/product\/open-walking-tour-san-centro\/","title":{"rendered":"OPEN WALKING TOUR \u201cSAN CENTRO\u201d"},"content":{"rendered":"<p><span style=\"font-weight: 400;\">Cartagena de indias es uno de los destinos tur\u00edsticos m\u00e1s importantes de Colombia y de Am\u00e9rica Latina, el hecho de ser declarada como patrimonio de la humanidad por la UNESCO la fortaleci\u00f3 como una potencia tur\u00edstica, descubre con nosotros los atractivos naturales, historia y estilos arquitect\u00f3nicos y neocl\u00e1sicos a trav\u00e9s de esta caminata guiada con locales de verdad, \u00a1esta es tu mejor opci\u00f3n!, Cartagena de indias es rica hist\u00f3ricamente, ya que es la segunda ciudad m\u00e1s antigua de Colombia, descubre su encanto y su rica cultura caribe\u00f1a.<\/span><\/p>\n<p>&nbsp;<\/p>\n<p><span style=\"font-weight: 400;\">Esta experiencia es abierta a todo p\u00fablico, es decir, las salidas son grupales y horas establecidas, realiza t\u00fa reserva apartando tu cupo y as\u00ed poder prepararnos y estar en la hora de encuentro, adem\u00e1s pagas por propinas de acuerdo a tu satisfacci\u00f3n por la informaci\u00f3n del gu\u00eda, pero por gastos operacionales sugerimos un estimado econ\u00f3mico de $50.000 cop por persona y pagas al finalizar el recorrido.<\/span><\/p>\n<p>&nbsp;<\/p>\n<p>&nbsp;<\/p>\n<p>&nbsp;<\/p>\n<p>&nbsp;<\/p>\n","protected":false},"excerpt":{"rendered":"<p>Cartagena de indias es uno de los destinos tur\u00edsticos m\u00e1s importantes de Colombia y de Am\u00e9rica Latina, el hecho de ser declarada como patrimonio de la humanidad por la UNESCO la fortaleci\u00f3 como una potencia tur\u00edstica, descubre con nosotros los atractivos naturales, historia y estilos arquitect\u00f3nicos y neocl\u00e1sicos a trav\u00e9s de esta caminata guiada con [&hellip;]<\/p>\n","protected":false},"featured_media":2057,"comment_status":"closed","ping_status":"closed","template":"","meta":{"_acf_changed":false,"_monsterinsights_skip_tracking":false,"_monsterinsights_sitenote_active":false,"_monsterinsights_sitenote_note":"","_monsterinsights_sitenote_category":0,"_joinchat":[]},"product_brand":[],"product_cat":[59,125,111],"product_tag":[133,132,130,131,134],"class_list":{"0":"post-2063","1":"product","2":"type-product","3":"status-publish","4":"has-post-thumbnail","6":"product_cat-cartagena","7":"product_cat-recorrido-semi-privado","8":"product_cat-tour-cultural-e-historico","9":"product_tag-barrios","10":"product_tag-barrios-de-cartagena","11":"product_tag-comunidad","12":"product_tag-turismo-comunitario","13":"product_tag-urbano","15":"first","16":"instock","17":"virtual","18":"sold-individually","19":"purchasable","20":"product-type-booking"},"booking_location":"","booking_location_type":"","booking_duration":1,"booking_duration_unit":"day","booking_buffer":0,"booking_cost":0,"booking_resources":[],"acf":[],"yoast_head":"<!-- This site is optimized with the Yoast SEO plugin v27.4 - https:\/\/yoast.com\/product\/yoast-seo-wordpress\/ -->\n<title>OPEN WALKING TOUR \u201cSAN CENTRO\u201d - cartourgenatravel.com<\/title>\n<meta name=\"robots\" content=\"index, follow, max-snippet:-1, max-image-preview:large, max-video-preview:-1\" \/>\n<link rel=\"canonical\" href=\"https:\/\/cartourgenatravel.com\/index.php\/product\/open-walking-tour-san-centro\/\" \/>\n<meta property=\"og:locale\" content=\"es_ES\" \/>\n<meta property=\"og:type\" content=\"article\" \/>\n<meta property=\"og:title\" content=\"OPEN WALKING TOUR \u201cSAN CENTRO\u201d - cartourgenatravel.com\" \/>\n<meta property=\"og:description\" content=\"Cartagena de indias es uno de los destinos tur\u00edsticos m\u00e1s importantes de Colombia y de Am\u00e9rica Latina, el hecho de ser declarada como patrimonio de la humanidad por la UNESCO la fortaleci\u00f3 como una potencia tur\u00edstica, descubre con nosotros los atractivos naturales, historia y estilos arquitect\u00f3nicos y neocl\u00e1sicos a trav\u00e9s de esta caminata guiada con [&hellip;]\" \/>\n<meta property=\"og:url\" content=\"https:\/\/cartourgenatravel.com\/index.php\/product\/open-walking-tour-san-centro\/\" \/>\n<meta property=\"og:site_name\" content=\"cartourgenatravel.com\" \/>\n<meta property=\"article:modified_time\" content=\"2026-02-26T01:16:57+00:00\" \/>\n<meta property=\"og:image\" content=\"https:\/\/cartourgenatravel.com\/wp-content\/uploads\/2025\/02\/city-tour-15.jpg\" \/>\n\t<meta property=\"og:image:width\" content=\"748\" \/>\n\t<meta property=\"og:image:height\" content=\"748\" \/>\n\t<meta property=\"og:image:type\" content=\"image\/jpeg\" \/>\n<meta name=\"twitter:card\" content=\"summary_large_image\" \/>\n<meta name=\"twitter:label1\" content=\"Tiempo de lectura\" \/>\n\t<meta name=\"twitter:data1\" content=\"1 minuto\" \/>\n<script type=\"application\/ld+json\" class=\"yoast-schema-graph\">{\"@context\":\"https:\\\/\\\/schema.org\",\"@graph\":[{\"@type\":\"WebPage\",\"@id\":\"https:\\\/\\\/cartourgenatravel.com\\\/index.php\\\/product\\\/open-walking-tour-san-centro\\\/\",\"url\":\"https:\\\/\\\/cartourgenatravel.com\\\/index.php\\\/product\\\/open-walking-tour-san-centro\\\/\",\"name\":\"OPEN WALKING TOUR \u201cSAN CENTRO\u201d - cartourgenatravel.com\",\"isPartOf\":{\"@id\":\"https:\\\/\\\/cartourgenatravel.com\\\/#website\"},\"primaryImageOfPage\":{\"@id\":\"https:\\\/\\\/cartourgenatravel.com\\\/index.php\\\/product\\\/open-walking-tour-san-centro\\\/#primaryimage\"},\"image\":{\"@id\":\"https:\\\/\\\/cartourgenatravel.com\\\/index.php\\\/product\\\/open-walking-tour-san-centro\\\/#primaryimage\"},\"thumbnailUrl\":\"https:\\\/\\\/cartourgenatravel.com\\\/wp-content\\\/uploads\\\/2025\\\/02\\\/city-tour-15.jpg\",\"datePublished\":\"2025-02-25T22:58:05+00:00\",\"dateModified\":\"2026-02-26T01:16:57+00:00\",\"breadcrumb\":{\"@id\":\"https:\\\/\\\/cartourgenatravel.com\\\/index.php\\\/product\\\/open-walking-tour-san-centro\\\/#breadcrumb\"},\"inLanguage\":\"es\",\"potentialAction\":[{\"@type\":\"ReadAction\",\"target\":[\"https:\\\/\\\/cartourgenatravel.com\\\/index.php\\\/product\\\/open-walking-tour-san-centro\\\/\"]}]},{\"@type\":\"ImageObject\",\"inLanguage\":\"es\",\"@id\":\"https:\\\/\\\/cartourgenatravel.com\\\/index.php\\\/product\\\/open-walking-tour-san-centro\\\/#primaryimage\",\"url\":\"https:\\\/\\\/cartourgenatravel.com\\\/wp-content\\\/uploads\\\/2025\\\/02\\\/city-tour-15.jpg\",\"contentUrl\":\"https:\\\/\\\/cartourgenatravel.com\\\/wp-content\\\/uploads\\\/2025\\\/02\\\/city-tour-15.jpg\",\"width\":748,\"height\":748},{\"@type\":\"BreadcrumbList\",\"@id\":\"https:\\\/\\\/cartourgenatravel.com\\\/index.php\\\/product\\\/open-walking-tour-san-centro\\\/#breadcrumb\",\"itemListElement\":[{\"@type\":\"ListItem\",\"position\":1,\"name\":\"Portada\",\"item\":\"https:\\\/\\\/cartourgenatravel.com\\\/\"},{\"@type\":\"ListItem\",\"position\":2,\"name\":\"Tours\",\"item\":\"https:\\\/\\\/cartourgenatravel.com\\\/index.php\\\/turismo-cultural-local\\\/tours\\\/\"},{\"@type\":\"ListItem\",\"position\":3,\"name\":\"OPEN WALKING TOUR \u201cSAN CENTRO\u201d\"}]},{\"@type\":\"WebSite\",\"@id\":\"https:\\\/\\\/cartourgenatravel.com\\\/#website\",\"url\":\"https:\\\/\\\/cartourgenatravel.com\\\/\",\"name\":\"cartourgenatravel.com\",\"description\":\"Una agencia que potencia el turismo local\",\"publisher\":{\"@id\":\"https:\\\/\\\/cartourgenatravel.com\\\/#organization\"},\"potentialAction\":[{\"@type\":\"SearchAction\",\"target\":{\"@type\":\"EntryPoint\",\"urlTemplate\":\"https:\\\/\\\/cartourgenatravel.com\\\/?s={search_term_string}\"},\"query-input\":{\"@type\":\"PropertyValueSpecification\",\"valueRequired\":true,\"valueName\":\"search_term_string\"}}],\"inLanguage\":\"es\"},{\"@type\":\"Organization\",\"@id\":\"https:\\\/\\\/cartourgenatravel.com\\\/#organization\",\"name\":\"cartourgenatravel.com\",\"url\":\"https:\\\/\\\/cartourgenatravel.com\\\/\",\"logo\":{\"@type\":\"ImageObject\",\"inLanguage\":\"es\",\"@id\":\"https:\\\/\\\/cartourgenatravel.com\\\/#\\\/schema\\\/logo\\\/image\\\/\",\"url\":\"https:\\\/\\\/cartourgenatravel.com\\\/wp-content\\\/uploads\\\/2023\\\/05\\\/cartourstravel-logo-.webp\",\"contentUrl\":\"https:\\\/\\\/cartourgenatravel.com\\\/wp-content\\\/uploads\\\/2023\\\/05\\\/cartourstravel-logo-.webp\",\"width\":661,\"height\":482,\"caption\":\"cartourgenatravel.com\"},\"image\":{\"@id\":\"https:\\\/\\\/cartourgenatravel.com\\\/#\\\/schema\\\/logo\\\/image\\\/\"},\"sameAs\":[\"https:\\\/\\\/www.instagram.com\\\/cartourgena_travel\\\/\"]}]}<\/script>\n<!-- \/ Yoast SEO plugin. -->","yoast_head_json":{"title":"OPEN WALKING TOUR \u201cSAN CENTRO\u201d - cartourgenatravel.com","robots":{"index":"index","follow":"follow","max-snippet":"max-snippet:-1","max-image-preview":"max-image-preview:large","max-video-preview":"max-video-preview:-1"},"canonical":"https:\/\/cartourgenatravel.com\/index.php\/product\/open-walking-tour-san-centro\/","og_locale":"es_ES","og_type":"article","og_title":"OPEN WALKING TOUR \u201cSAN CENTRO\u201d - cartourgenatravel.com","og_description":"Cartagena de indias es uno de los destinos tur\u00edsticos m\u00e1s importantes de Colombia y de Am\u00e9rica Latina, el hecho de ser declarada como patrimonio de la humanidad por la UNESCO la fortaleci\u00f3 como una potencia tur\u00edstica, descubre con nosotros los atractivos naturales, historia y estilos arquitect\u00f3nicos y neocl\u00e1sicos a trav\u00e9s de esta caminata guiada con [&hellip;]","og_url":"https:\/\/cartourgenatravel.com\/index.php\/product\/open-walking-tour-san-centro\/","og_site_name":"cartourgenatravel.com","article_modified_time":"2026-02-26T01:16:57+00:00","og_image":[{"width":748,"height":748,"url":"https:\/\/cartourgenatravel.com\/wp-content\/uploads\/2025\/02\/city-tour-15.jpg","type":"image\/jpeg"}],"twitter_card":"summary_large_image","twitter_misc":{"Tiempo de lectura":"1 minuto"},"schema":{"@context":"https:\/\/schema.org","@graph":[{"@type":"WebPage","@id":"https:\/\/cartourgenatravel.com\/index.php\/product\/open-walking-tour-san-centro\/","url":"https:\/\/cartourgenatravel.com\/index.php\/product\/open-walking-tour-san-centro\/","name":"OPEN WALKING TOUR \u201cSAN CENTRO\u201d - cartourgenatravel.com","isPartOf":{"@id":"https:\/\/cartourgenatravel.com\/#website"},"primaryImageOfPage":{"@id":"https:\/\/cartourgenatravel.com\/index.php\/product\/open-walking-tour-san-centro\/#primaryimage"},"image":{"@id":"https:\/\/cartourgenatravel.com\/index.php\/product\/open-walking-tour-san-centro\/#primaryimage"},"thumbnailUrl":"https:\/\/cartourgenatravel.com\/wp-content\/uploads\/2025\/02\/city-tour-15.jpg","datePublished":"2025-02-25T22:58:05+00:00","dateModified":"2026-02-26T01:16:57+00:00","breadcrumb":{"@id":"https:\/\/cartourgenatravel.com\/index.php\/product\/open-walking-tour-san-centro\/#breadcrumb"},"inLanguage":"es","potentialAction":[{"@type":"ReadAction","target":["https:\/\/cartourgenatravel.com\/index.php\/product\/open-walking-tour-san-centro\/"]}]},{"@type":"ImageObject","inLanguage":"es","@id":"https:\/\/cartourgenatravel.com\/index.php\/product\/open-walking-tour-san-centro\/#primaryimage","url":"https:\/\/cartourgenatravel.com\/wp-content\/uploads\/2025\/02\/city-tour-15.jpg","contentUrl":"https:\/\/cartourgenatravel.com\/wp-content\/uploads\/2025\/02\/city-tour-15.jpg","width":748,"height":748},{"@type":"BreadcrumbList","@id":"https:\/\/cartourgenatravel.com\/index.php\/product\/open-walking-tour-san-centro\/#breadcrumb","itemListElement":[{"@type":"ListItem","position":1,"name":"Portada","item":"https:\/\/cartourgenatravel.com\/"},{"@type":"ListItem","position":2,"name":"Tours","item":"https:\/\/cartourgenatravel.com\/index.php\/turismo-cultural-local\/tours\/"},{"@type":"ListItem","position":3,"name":"OPEN WALKING TOUR \u201cSAN CENTRO\u201d"}]},{"@type":"WebSite","@id":"https:\/\/cartourgenatravel.com\/#website","url":"https:\/\/cartourgenatravel.com\/","name":"cartourgenatravel.com","description":"Una agencia que potencia el turismo local","publisher":{"@id":"https:\/\/cartourgenatravel.com\/#organization"},"potentialAction":[{"@type":"SearchAction","target":{"@type":"EntryPoint","urlTemplate":"https:\/\/cartourgenatravel.com\/?s={search_term_string}"},"query-input":{"@type":"PropertyValueSpecification","valueRequired":true,"valueName":"search_term_string"}}],"inLanguage":"es"},{"@type":"Organization","@id":"https:\/\/cartourgenatravel.com\/#organization","name":"cartourgenatravel.com","url":"https:\/\/cartourgenatravel.com\/","logo":{"@type":"ImageObject","inLanguage":"es","@id":"https:\/\/cartourgenatravel.com\/#\/schema\/logo\/image\/","url":"https:\/\/cartourgenatravel.com\/wp-content\/uploads\/2023\/05\/cartourstravel-logo-.webp","contentUrl":"https:\/\/cartourgenatravel.com\/wp-content\/uploads\/2023\/05\/cartourstravel-logo-.webp","width":661,"height":482,"caption":"cartourgenatravel.com"},"image":{"@id":"https:\/\/cartourgenatravel.com\/#\/schema\/logo\/image\/"},"sameAs":["https:\/\/www.instagram.com\/cartourgena_travel\/"]}]}},"_links":{"self":[{"href":"https:\/\/cartourgenatravel.com\/index.php\/wp-json\/wp\/v2\/product\/2063","targetHints":{"allow":["GET"]}}],"collection":[{"href":"https:\/\/cartourgenatravel.com\/index.php\/wp-json\/wp\/v2\/product"}],"about":[{"href":"https:\/\/cartourgenatravel.com\/index.php\/wp-json\/wp\/v2\/types\/product"}],"replies":[{"embeddable":true,"href":"https:\/\/cartourgenatravel.com\/index.php\/wp-json\/wp\/v2\/comments?post=2063"}],"version-history":[{"count":0,"href":"https:\/\/cartourgenatravel.com\/index.php\/wp-json\/wp\/v2\/product\/2063\/revisions"}],"wp:featuredmedia":[{"embeddable":true,"href":"https:\/\/cartourgenatravel.com\/index.php\/wp-json\/wp\/v2\/media\/2057"}],"wp:attachment":[{"href":"https:\/\/cartourgenatravel.com\/index.php\/wp-json\/wp\/v2\/media?parent=2063"}],"wp:term":[{"taxonomy":"product_brand","embeddable":true,"href":"https:\/\/cartourgenatravel.com\/index.php\/wp-json\/wp\/v2\/product_brand?post=2063"},{"taxonomy":"product_cat","embeddable":true,"href":"https:\/\/cartourgenatravel.com\/index.php\/wp-json\/wp\/v2\/product_cat?post=2063"},{"taxonomy":"product_tag","embeddable":true,"href":"https:\/\/cartourgenatravel.com\/index.php\/wp-json\/wp\/v2\/product_tag?post=2063"}],"curies":[{"name":"wp","href":"https:\/\/api.w.org\/{rel}","templated":true}]}}