{"id":2428,"date":"2026-02-25T22:36:19","date_gmt":"2026-02-26T03:36:19","guid":{"rendered":"https:\/\/cartourgenatravel.com\/?post_type=product&#038;p=2428"},"modified":"2026-02-26T07:09:53","modified_gmt":"2026-02-26T12:09:53","slug":"bote-41-pies-capacidad-maxima-de-20-pax","status":"publish","type":"product","link":"https:\/\/cartourgenatravel.com\/index.php\/product\/bote-41-pies-capacidad-maxima-de-20-pax\/","title":{"rendered":"BOTE 41 PIES Capacidad m\u00e1xima de 20 pax"},"content":{"rendered":"<div class=\"Y3BBE\" data-sfc-cp=\"\" data-hveid=\"CAEIBBAA\" data-complete=\"true\" data-processed=\"true\">&#8220;Redefine tu concepto de vacaciones y navega las aguas cristalinas de\u00a0<strong class=\"Yjhzub\" data-complete=\"true\" data-processed=\"true\">Islas del Rosario, Chol\u00f3n y Bar\u00fa<\/strong> a bordo de los yates que te ofrecemos en Cartourgena. \u00a0Dise\u00f1ado para quienes exigen privacidad, confort absoluto y un servicio de alto nivel. Nuestras embarcaciones cuentan con tripulaci\u00f3n profesional, sistemas de sonido de \u00faltima generaci\u00f3n y acabados de lujo para garantizar una experiencia impecable. Ya sea para una celebraci\u00f3n exclusiva o un d\u00eda de descanso total, creamos el itinerario a tu medida.&#8221;<\/div>\n","protected":false},"excerpt":{"rendered":"<p>&#8220;Redefine tu concepto de vacaciones y navega las aguas cristalinas de\u00a0Islas del Rosario, Chol\u00f3n y Bar\u00fa a bordo de los yates que te ofrecemos en Cartourgena. \u00a0Dise\u00f1ado para quienes exigen privacidad, confort absoluto y un servicio de alto nivel. Nuestras embarcaciones cuentan con tripulaci\u00f3n profesional, sistemas de sonido de \u00faltima generaci\u00f3n y acabados de lujo [&hellip;]<\/p>\n","protected":false},"featured_media":208,"comment_status":"closed","ping_status":"closed","template":"","meta":{"_acf_changed":false,"_monsterinsights_skip_tracking":false,"_monsterinsights_sitenote_active":false,"_monsterinsights_sitenote_note":"","_monsterinsights_sitenote_category":0,"_joinchat":[]},"product_brand":[],"product_cat":[105],"product_tag":[],"class_list":{"0":"post-2428","1":"product","2":"type-product","3":"status-publish","4":"has-post-thumbnail","6":"product_cat-yates-y-botes","8":"first","9":"instock","10":"sold-individually","11":"shipping-taxable","12":"purchasable","13":"product-type-booking"},"booking_location":"","booking_location_type":"","booking_duration":1,"booking_duration_unit":"day","booking_buffer":0,"booking_cost":3500000,"booking_resources":[],"acf":[],"yoast_head":"<!-- This site is optimized with the Yoast SEO plugin v27.3 - https:\/\/yoast.com\/product\/yoast-seo-wordpress\/ -->\n<title>BOTE 41 PIES Capacidad m\u00e1xima de 20 pax - cartourgenatravel.com<\/title>\n<meta name=\"robots\" content=\"index, follow, max-snippet:-1, max-image-preview:large, max-video-preview:-1\" \/>\n<link rel=\"canonical\" href=\"https:\/\/cartourgenatravel.com\/index.php\/product\/bote-41-pies-capacidad-maxima-de-20-pax\/\" \/>\n<meta property=\"og:locale\" content=\"es_ES\" \/>\n<meta property=\"og:type\" content=\"article\" \/>\n<meta property=\"og:title\" content=\"BOTE 41 PIES Capacidad m\u00e1xima de 20 pax - cartourgenatravel.com\" \/>\n<meta property=\"og:description\" content=\"&#8220;Redefine tu concepto de vacaciones y navega las aguas cristalinas de\u00a0Islas del Rosario, Chol\u00f3n y Bar\u00fa a bordo de los yates que te ofrecemos en Cartourgena. \u00a0Dise\u00f1ado para quienes exigen privacidad, confort absoluto y un servicio de alto nivel. Nuestras embarcaciones cuentan con tripulaci\u00f3n profesional, sistemas de sonido de \u00faltima generaci\u00f3n y acabados de lujo [&hellip;]\" \/>\n<meta property=\"og:url\" content=\"https:\/\/cartourgenatravel.com\/index.php\/product\/bote-41-pies-capacidad-maxima-de-20-pax\/\" \/>\n<meta property=\"og:site_name\" content=\"cartourgenatravel.com\" \/>\n<meta property=\"article:modified_time\" content=\"2026-02-26T12:09:53+00:00\" \/>\n<meta property=\"og:image\" content=\"https:\/\/cartourgenatravel.com\/wp-content\/uploads\/2023\/05\/cholon-forever-6-jtp1253x640.webp\" \/>\n\t<meta property=\"og:image:width\" content=\"640\" \/>\n\t<meta property=\"og:image:height\" content=\"480\" \/>\n\t<meta property=\"og:image:type\" content=\"image\/webp\" \/>\n<meta name=\"twitter:card\" content=\"summary_large_image\" \/>\n<meta name=\"twitter:label1\" content=\"Tiempo de lectura\" \/>\n\t<meta name=\"twitter:data1\" content=\"1 minuto\" \/>\n<script type=\"application\/ld+json\" class=\"yoast-schema-graph\">{\"@context\":\"https:\\\/\\\/schema.org\",\"@graph\":[{\"@type\":\"WebPage\",\"@id\":\"https:\\\/\\\/cartourgenatravel.com\\\/index.php\\\/product\\\/bote-41-pies-capacidad-maxima-de-20-pax\\\/\",\"url\":\"https:\\\/\\\/cartourgenatravel.com\\\/index.php\\\/product\\\/bote-41-pies-capacidad-maxima-de-20-pax\\\/\",\"name\":\"BOTE 41 PIES Capacidad m\u00e1xima de 20 pax - cartourgenatravel.com\",\"isPartOf\":{\"@id\":\"https:\\\/\\\/cartourgenatravel.com\\\/#website\"},\"primaryImageOfPage\":{\"@id\":\"https:\\\/\\\/cartourgenatravel.com\\\/index.php\\\/product\\\/bote-41-pies-capacidad-maxima-de-20-pax\\\/#primaryimage\"},\"image\":{\"@id\":\"https:\\\/\\\/cartourgenatravel.com\\\/index.php\\\/product\\\/bote-41-pies-capacidad-maxima-de-20-pax\\\/#primaryimage\"},\"thumbnailUrl\":\"https:\\\/\\\/cartourgenatravel.com\\\/wp-content\\\/uploads\\\/2023\\\/05\\\/cholon-forever-6-jtp1253x640.webp\",\"datePublished\":\"2026-02-26T03:36:19+00:00\",\"dateModified\":\"2026-02-26T12:09:53+00:00\",\"breadcrumb\":{\"@id\":\"https:\\\/\\\/cartourgenatravel.com\\\/index.php\\\/product\\\/bote-41-pies-capacidad-maxima-de-20-pax\\\/#breadcrumb\"},\"inLanguage\":\"es\",\"potentialAction\":[{\"@type\":\"ReadAction\",\"target\":[\"https:\\\/\\\/cartourgenatravel.com\\\/index.php\\\/product\\\/bote-41-pies-capacidad-maxima-de-20-pax\\\/\"]}]},{\"@type\":\"ImageObject\",\"inLanguage\":\"es\",\"@id\":\"https:\\\/\\\/cartourgenatravel.com\\\/index.php\\\/product\\\/bote-41-pies-capacidad-maxima-de-20-pax\\\/#primaryimage\",\"url\":\"https:\\\/\\\/cartourgenatravel.com\\\/wp-content\\\/uploads\\\/2023\\\/05\\\/cholon-forever-6-jtp1253x640.webp\",\"contentUrl\":\"https:\\\/\\\/cartourgenatravel.com\\\/wp-content\\\/uploads\\\/2023\\\/05\\\/cholon-forever-6-jtp1253x640.webp\",\"width\":640,\"height\":480},{\"@type\":\"BreadcrumbList\",\"@id\":\"https:\\\/\\\/cartourgenatravel.com\\\/index.php\\\/product\\\/bote-41-pies-capacidad-maxima-de-20-pax\\\/#breadcrumb\",\"itemListElement\":[{\"@type\":\"ListItem\",\"position\":1,\"name\":\"Portada\",\"item\":\"https:\\\/\\\/cartourgenatravel.com\\\/\"},{\"@type\":\"ListItem\",\"position\":2,\"name\":\"Tours\",\"item\":\"https:\\\/\\\/cartourgenatravel.com\\\/index.php\\\/turismo-cultural-local\\\/tours\\\/\"},{\"@type\":\"ListItem\",\"position\":3,\"name\":\"BOTE 41 PIES Capacidad m\u00e1xima de 20 pax\"}]},{\"@type\":\"WebSite\",\"@id\":\"https:\\\/\\\/cartourgenatravel.com\\\/#website\",\"url\":\"https:\\\/\\\/cartourgenatravel.com\\\/\",\"name\":\"cartourgenatravel.com\",\"description\":\"Una agencia que potencia el turismo local\",\"publisher\":{\"@id\":\"https:\\\/\\\/cartourgenatravel.com\\\/#organization\"},\"potentialAction\":[{\"@type\":\"SearchAction\",\"target\":{\"@type\":\"EntryPoint\",\"urlTemplate\":\"https:\\\/\\\/cartourgenatravel.com\\\/?s={search_term_string}\"},\"query-input\":{\"@type\":\"PropertyValueSpecification\",\"valueRequired\":true,\"valueName\":\"search_term_string\"}}],\"inLanguage\":\"es\"},{\"@type\":\"Organization\",\"@id\":\"https:\\\/\\\/cartourgenatravel.com\\\/#organization\",\"name\":\"cartourgenatravel.com\",\"url\":\"https:\\\/\\\/cartourgenatravel.com\\\/\",\"logo\":{\"@type\":\"ImageObject\",\"inLanguage\":\"es\",\"@id\":\"https:\\\/\\\/cartourgenatravel.com\\\/#\\\/schema\\\/logo\\\/image\\\/\",\"url\":\"https:\\\/\\\/cartourgenatravel.com\\\/wp-content\\\/uploads\\\/2023\\\/05\\\/cartourstravel-logo-.webp\",\"contentUrl\":\"https:\\\/\\\/cartourgenatravel.com\\\/wp-content\\\/uploads\\\/2023\\\/05\\\/cartourstravel-logo-.webp\",\"width\":661,\"height\":482,\"caption\":\"cartourgenatravel.com\"},\"image\":{\"@id\":\"https:\\\/\\\/cartourgenatravel.com\\\/#\\\/schema\\\/logo\\\/image\\\/\"},\"sameAs\":[\"https:\\\/\\\/www.instagram.com\\\/cartourgena_travel\\\/\"]}]}<\/script>\n<!-- \/ Yoast SEO plugin. -->","yoast_head_json":{"title":"BOTE 41 PIES Capacidad m\u00e1xima de 20 pax - cartourgenatravel.com","robots":{"index":"index","follow":"follow","max-snippet":"max-snippet:-1","max-image-preview":"max-image-preview:large","max-video-preview":"max-video-preview:-1"},"canonical":"https:\/\/cartourgenatravel.com\/index.php\/product\/bote-41-pies-capacidad-maxima-de-20-pax\/","og_locale":"es_ES","og_type":"article","og_title":"BOTE 41 PIES Capacidad m\u00e1xima de 20 pax - cartourgenatravel.com","og_description":"&#8220;Redefine tu concepto de vacaciones y navega las aguas cristalinas de\u00a0Islas del Rosario, Chol\u00f3n y Bar\u00fa a bordo de los yates que te ofrecemos en Cartourgena. \u00a0Dise\u00f1ado para quienes exigen privacidad, confort absoluto y un servicio de alto nivel. Nuestras embarcaciones cuentan con tripulaci\u00f3n profesional, sistemas de sonido de \u00faltima generaci\u00f3n y acabados de lujo [&hellip;]","og_url":"https:\/\/cartourgenatravel.com\/index.php\/product\/bote-41-pies-capacidad-maxima-de-20-pax\/","og_site_name":"cartourgenatravel.com","article_modified_time":"2026-02-26T12:09:53+00:00","og_image":[{"width":640,"height":480,"url":"https:\/\/cartourgenatravel.com\/wp-content\/uploads\/2023\/05\/cholon-forever-6-jtp1253x640.webp","type":"image\/webp"}],"twitter_card":"summary_large_image","twitter_misc":{"Tiempo de lectura":"1 minuto"},"schema":{"@context":"https:\/\/schema.org","@graph":[{"@type":"WebPage","@id":"https:\/\/cartourgenatravel.com\/index.php\/product\/bote-41-pies-capacidad-maxima-de-20-pax\/","url":"https:\/\/cartourgenatravel.com\/index.php\/product\/bote-41-pies-capacidad-maxima-de-20-pax\/","name":"BOTE 41 PIES Capacidad m\u00e1xima de 20 pax - cartourgenatravel.com","isPartOf":{"@id":"https:\/\/cartourgenatravel.com\/#website"},"primaryImageOfPage":{"@id":"https:\/\/cartourgenatravel.com\/index.php\/product\/bote-41-pies-capacidad-maxima-de-20-pax\/#primaryimage"},"image":{"@id":"https:\/\/cartourgenatravel.com\/index.php\/product\/bote-41-pies-capacidad-maxima-de-20-pax\/#primaryimage"},"thumbnailUrl":"https:\/\/cartourgenatravel.com\/wp-content\/uploads\/2023\/05\/cholon-forever-6-jtp1253x640.webp","datePublished":"2026-02-26T03:36:19+00:00","dateModified":"2026-02-26T12:09:53+00:00","breadcrumb":{"@id":"https:\/\/cartourgenatravel.com\/index.php\/product\/bote-41-pies-capacidad-maxima-de-20-pax\/#breadcrumb"},"inLanguage":"es","potentialAction":[{"@type":"ReadAction","target":["https:\/\/cartourgenatravel.com\/index.php\/product\/bote-41-pies-capacidad-maxima-de-20-pax\/"]}]},{"@type":"ImageObject","inLanguage":"es","@id":"https:\/\/cartourgenatravel.com\/index.php\/product\/bote-41-pies-capacidad-maxima-de-20-pax\/#primaryimage","url":"https:\/\/cartourgenatravel.com\/wp-content\/uploads\/2023\/05\/cholon-forever-6-jtp1253x640.webp","contentUrl":"https:\/\/cartourgenatravel.com\/wp-content\/uploads\/2023\/05\/cholon-forever-6-jtp1253x640.webp","width":640,"height":480},{"@type":"BreadcrumbList","@id":"https:\/\/cartourgenatravel.com\/index.php\/product\/bote-41-pies-capacidad-maxima-de-20-pax\/#breadcrumb","itemListElement":[{"@type":"ListItem","position":1,"name":"Portada","item":"https:\/\/cartourgenatravel.com\/"},{"@type":"ListItem","position":2,"name":"Tours","item":"https:\/\/cartourgenatravel.com\/index.php\/turismo-cultural-local\/tours\/"},{"@type":"ListItem","position":3,"name":"BOTE 41 PIES Capacidad m\u00e1xima de 20 pax"}]},{"@type":"WebSite","@id":"https:\/\/cartourgenatravel.com\/#website","url":"https:\/\/cartourgenatravel.com\/","name":"cartourgenatravel.com","description":"Una agencia que potencia el turismo local","publisher":{"@id":"https:\/\/cartourgenatravel.com\/#organization"},"potentialAction":[{"@type":"SearchAction","target":{"@type":"EntryPoint","urlTemplate":"https:\/\/cartourgenatravel.com\/?s={search_term_string}"},"query-input":{"@type":"PropertyValueSpecification","valueRequired":true,"valueName":"search_term_string"}}],"inLanguage":"es"},{"@type":"Organization","@id":"https:\/\/cartourgenatravel.com\/#organization","name":"cartourgenatravel.com","url":"https:\/\/cartourgenatravel.com\/","logo":{"@type":"ImageObject","inLanguage":"es","@id":"https:\/\/cartourgenatravel.com\/#\/schema\/logo\/image\/","url":"https:\/\/cartourgenatravel.com\/wp-content\/uploads\/2023\/05\/cartourstravel-logo-.webp","contentUrl":"https:\/\/cartourgenatravel.com\/wp-content\/uploads\/2023\/05\/cartourstravel-logo-.webp","width":661,"height":482,"caption":"cartourgenatravel.com"},"image":{"@id":"https:\/\/cartourgenatravel.com\/#\/schema\/logo\/image\/"},"sameAs":["https:\/\/www.instagram.com\/cartourgena_travel\/"]}]}},"_links":{"self":[{"href":"https:\/\/cartourgenatravel.com\/index.php\/wp-json\/wp\/v2\/product\/2428","targetHints":{"allow":["GET"]}}],"collection":[{"href":"https:\/\/cartourgenatravel.com\/index.php\/wp-json\/wp\/v2\/product"}],"about":[{"href":"https:\/\/cartourgenatravel.com\/index.php\/wp-json\/wp\/v2\/types\/product"}],"replies":[{"embeddable":true,"href":"https:\/\/cartourgenatravel.com\/index.php\/wp-json\/wp\/v2\/comments?post=2428"}],"version-history":[{"count":0,"href":"https:\/\/cartourgenatravel.com\/index.php\/wp-json\/wp\/v2\/product\/2428\/revisions"}],"wp:featuredmedia":[{"embeddable":true,"href":"https:\/\/cartourgenatravel.com\/index.php\/wp-json\/wp\/v2\/media\/208"}],"wp:attachment":[{"href":"https:\/\/cartourgenatravel.com\/index.php\/wp-json\/wp\/v2\/media?parent=2428"}],"wp:term":[{"taxonomy":"product_brand","embeddable":true,"href":"https:\/\/cartourgenatravel.com\/index.php\/wp-json\/wp\/v2\/product_brand?post=2428"},{"taxonomy":"product_cat","embeddable":true,"href":"https:\/\/cartourgenatravel.com\/index.php\/wp-json\/wp\/v2\/product_cat?post=2428"},{"taxonomy":"product_tag","embeddable":true,"href":"https:\/\/cartourgenatravel.com\/index.php\/wp-json\/wp\/v2\/product_tag?post=2428"}],"curies":[{"name":"wp","href":"https:\/\/api.w.org\/{rel}","templated":true}]}}